emainder when 12086 is divided by 121?
107
What is the remainder when 653 is divided by 297?
59
Calculate the remainder when 19558 is divided by 236.
206
What is the remainder when 864108 is divided by 17?
15
Calculate the remainder when 8507 is divided by 1581.
602
Calculate the remainder when 51306 is divided by 36.
6
What is the remainder when 341 is divided by 61?
36
Calculate the remainder when 2965 is divided by 704.
149
What is the remainder when 8080 is divided by 225?
205
What is the remainder when 9523 is divided by 289?
275
Calculate the remainder when 112286 is divided by 11.
9
Calculate the remainder when 60125 is divided by 10018.
17
What is the remainder when 104131 is divided by 11?
5
What is the remainder when 18914 is divided by 4722?
26
What is the remainder when 1769 is divided by 612?
545
What is the remainder when 22868 is divided by 7612?
32
What is the remainder when 409245 is divided by 6?
3
What is the remainder when 245769 is divided by 18?
15
Calculate the remainder when 5802 is divided by 265.
237
What is the remainder when 60639 is divided by 282?
9
Calculate the remainder when 13503 is divided by 24.
15
Calculate the remainder when 200174 is divided by 337.
333
Calculate the remainder when 47716 is divided by 33.
31
Calculate the remainder when 2060 is divided by 658.
86
Calculate the remainder when 2252 is divided by 596.
464
Calculate the remainder when 25968 is divided by 1184.
1104
What is the remainder when 642 is divided by 50?
42
What is the remainder when 25748 is divided by 8370?
638
Calculate the remainder when 50224 is divided by 546.
538
What is the remainder when 15131 is divided by 1789?
819
Calculate the remainder when 90368 is divided by 18073.
3
What is the remainder when 10254 is divided by 739?
647
Calculate the remainder when 1012 is divided by 691.
321
What is the remainder when 387078 is divided by 1035?
1023
What is the remainder when 314 is divided by 35?
34
Calculate the remainder when 1495 is divided by 296.
15
What is the remainder when 100485 is divided by 387?
252
Calculate the remainder when 11898 is divided by 16.
10
What is the remainder when 86618 is divided by 5095?
3
What is the remainder when 625966 is divided by 108?
106
What is the remainder when 162258 is divided by 380?
378
Calculate the remainder when 15049 is divided by 3000.
49
What is the remainder when 378143 is divided by 71?
68
Calculate the remainder when 675 is divided by 76.
67
What is the remainder when 16690 is divided by 1046?
1000
What is the remainder when 1265 is divided by 26?
17
Calculate the remainder when 1452 is divided by 503.
446
What is the remainder when 178090 is divided by 331?
12
What is the remainder when 10492 is divided by 3484?
40
What is the remainder when 319509 is divided by 21?
15
Calculate the remainder when 1223 is divided by 237.
38
Calculate the remainder when 1148 is divided by 66.
26
Calculate the remainder when 7164 is divided by 6418.
746
Calculate the remainder when 6203 is divided by 759.
131
What is the remainder when 1110454 is divided by 194?
192
What is the remainder when 2171817 is divided by 666?
657
What is the remainder when 6322 is divided by 70?
22
What is the remainder when 784 is divided by 60?
4
Calculate the remainder when 4810 is divided by 801.
4
Calculate the remainder when 37820 is divided by 6183.
722
What is the remainder when 23245 is divided by 25?
20
What is the remainder when 14772 is divided by 425?
322
What is the remainder when 7420 is divided by 653?
237
What is the remainder when 54697 is divided by 100?
97
What is the remainder when 10359 is divided by 5079?
201
Calculate the remainder when 1289572 is divided by 44.
20
What is the remainder when 373 is divided by 169?
35
What is the remainder when 16618 is divided by 529?
219
Calculate the remainder when 16831 is divided by 2915.
2256
Calculate the remainder when 3213 is divided by 3210.
3
Calculate the remainder when 960 is divided by 423.
114
Calculate the remainder when 6430 is divided by 180.
130
What is the remainder when 17189 is divided by 663?
614
What is the remainder when 45123 is divided by 23?
20
Calculate the remainder when 1264 is divided by 1044.
220
Calculate the remainder when 151954 is divided by 54.
52
Calculate the remainder when 28650 is divided by 369.
237
What is the remainder when 173371 is divided by 125?
121
Calculate the remainder when 2644599 is divided by 852.
843
What is the remainder when 173658 is divided by 72?
66
Calculate the remainder when 91268 is divided by 2605.
93
What is the remainder when 711 is divided by 188?
147
What is the remainder when 1400 is divided by 296?
216
Calculate the remainder when 7388 is divided by 50.
38
What is the remainder when 2950434 is divided by 337?
336
Calculate the remainder when 181 is divided by 12.
1
What is the remainder when 5999 is divided by 1220?
1119
What is the remainder when 103321 is divided by 70?
1
Calculate the remainder when 11152 is divided by 23.
20
Calculate the remainder when 69971 is divided by 15.
11
Calculate the remainder when 227244 is divided by 4734.
12
What is the remainder when 157392 is divided by 45?
27
Calculate the remainder when 21227 is divided by 32.
11
What is the remainder when 41686 is divided by 298?
264
What is the remainder when 13358 is divided by 343?
324
Calculate the remainder when 26972 is divided by 303.
5
What is the remainder when 1365 is divided by 50?
15
Calculate the remainder when 1401 is divided by 458.
27
What is the remainder when 1596 is divided by 107?
98
What is the remainder when 4792509 is divided by 59?
57
What is the remainder when 1828 is divided by 869?
90
Calculate the remainder when 436497 is divided by 388.
385
What is the remainder when 39300 is divided by 43?
41
Calculate the remainder when 1087007 is divided by 96.
95
Calculate the remainder when 30219 is divided by 213.
186
What is the remainder when 2365 is divided by 2343?
22
What is the remainder when 166610 is divided by 236?
230
Calculate the remainder when 21801 is divided by 4360.
1
Calculate the remainder when 7943 is divided by 665.
628
Calculate the remainder when 167309 is divided by 28.
9
What is the remainder when 94836 is divided by 94800?
36
What is the remainder when 17864 is divided by 94?
4
What is the remainder when 517 is divided by 458?
59
Calculate the remainder when 59197 is divided by 200.
197
What is the remainder when 5426 is divided by 49?
36
Calculate the remainder when 39990 is divided by 226.
214
What is the remainder when 37720 is divided by 1397?
1
Calculate the remainder when 8178 is divided by 174.
0
What is the remainder when 58792 is divided by 8284?
804
Calculate the remainder when 18391 is divided by 6128.
7
What is the remainder when 5210 is divided by 66?
62
What is the remainder when 43618 is divided by 623?
8
What is the remainder when 62183 is divided by 15543?
11
Calculate the remainder when 97351 is divided by 21.
16
Calculate the remainder when 221735 is divided by 428.
31
What is the remainder when 21971 is divided by 242?
191
Calculate the remainder when 60775 is divided by 214.
213
Calculate the remainder when 370247 is divided by 250.
247
Calculate the remainder when 23167 is divided by 32.
31
What is the remainder when 213556 is divided by 868?
28
What is the remainder when 531268 is divided by 189?
178
What is the remainder when 366 is divided by 5?
1
Calculate the remainder when 18705 is divided by 1558.
9
What is the remainder when 614239 is divided by 11?
10
Calculate the remainder when 23177 is divided by 579.
17
What is the remainder when 13362 is divided by 3?
0
Calculate the remainder when 133080 is divided by 57.
42
What is the remainder when 2025 is divided by 989?
47
What is the remainder when 1326 is divided by 441?
3
Calculate the remainder when 19357 is divided by 57.
34
What is the remainder when 144760 is divided by 59?
33
What is the remainder when 5368 is divided by 4932?
436
What is the remainder when 4826 is divided by 32?
26
Calculate the remainder when 2688 is divided by 355.
203
Calculate the remainder when 3130 is divided by 310.
30
Calculate the remainder when 6694 is divided by 26.
12
Calculate the remainder when 7054 is divide